by u?
20
Let p(h) = -h**3 + 11*h**2 + 3*h + 37. Calculate the remainder when 720 is divided by p(6).
15
Let k(q) = -7 + 5*q**2 - 2*q**2 + 3*q**2 - q - 5*q**2. What is the remainder when k(-5) is divided by 5?
3
Suppose -v = a - 23, 91 = 5*a + 3*v - 4*v. Suppose 6*z - 8 = 4*z. Suppose 16 = z*s - 132. What is the remainder when s is divided by a?
18
Suppose -4*q = -q - 57. Let n = -13 + q. Calculate the remainder when (-215)/(-15) - 2/(-3) is divided by n.
3
Suppose 6*v = v + 190. Let y be (-4)/(-6)*(v + -2). Suppose s + 96 = 5*k, 5*s + 0*s = k - y. Calculate the remainder when 73 is divided by k.
16
Suppose -8 = -w - 3*w. Suppose 31 = 3*u - w*t, -4*u - 3*t = t - 8. Let h(m) = -6*m + 4. What is the remainder when h(-5) is divided by u?
6
Let h(r) = -8*r. Let o be h(1). Suppose -45*a + 8 = -47*a. What is the remainder when 19 is divided by (-10)/a*o/(-2)?
9
Let x(q) = -q + 110. Calculate the remainder when x(-13) is divided by 68.
55
Suppose 0 = -7*m - 115 + 304. Calculate the remainder when (-6)/m - (-3794)/63 is divided by 31/(-1 - (-4)/2).
29
Let m(w) = -w**3 + 5*w**2 + 7*w + 2. Calculate the remainder when m(6) is divided by 108/20 + 88/(-20) + 4.
3
Suppose 5*y - 5*l = 5, -l + 4 = l. Suppose -y*x + j = -173, 2*x - 5*j - 39 = x. Let i(m) = 8*m**2 + 2*m + 2. What is the remainder when x is divided by i(-2)?
29
Let b be 6/12 - (-151)/2. Suppose 2*v = b + 10. Let a = 158 - 147. Calculate the remainder when v is divided by a.
10
Let w be (-20)/6*420/50. Let c = 82 + w. Let q(s) = -8*s - 2. Calculate the remainder when c is divided by q(-2).
12
Suppose -32 = -5*m - 3*b, m + 4*b = 2*b + 5. Let x = -37 - -75. Suppose v - 4*l + 7*l = x, 2*l - 36 = -v. What is the remainder when v is divided by m?
4
Let g(b) = -b**3 + 7*b**2 + 2*b - 2. Suppose -4*t - 2*w + 94 = 0, 30 = -3*t - 2*w + 101. Calculate the remainder when t is divided by g(7).
11
Let m be 9/3 + (-8)/(-4). Let y(o) = 6*o**2 - 4. What is the remainder when y(m) is divided by 50?
46
Let c(n) = -21*n - 84. Calculate the remainder when 67 is divided by c(-5).
4
Calculate the remainder when 45 is divided by 4*(1 - (-5)/4).
0
Suppose 0 = -7*u + 412 - 125. What is the remainder when u is divided by 7?
6
Suppose -t + 3*t = 5*h + 56, 5*h - 70 = -5*t. Let a = 186 + -182. Calculate the remainder when t is divided by a.
2
Suppose -10 = h - 3*m - 0*m, 0 = 5*h + 3*m - 4. Let f(o) = 3*o**2 - 2*o - 1. Let q be f(2). Let v = q - h. Calculate the remainder when 15 is divided by v.
7
Suppose 5*u - 14 = 5*t + 41, 65 = 3*u + 5*t. Let k = 147 - 104. Calculate the remainder when k is divided by u.
13
Let g = 310 + -181. What is the remainder when g is divided by 44?
41
Let s = -20 + 17. Let p(w) = w**2 + w. Let n be p(s). Suppose -4 = n*c - 118. What is the remainder when 35 is divided by c?
16
Suppose 0 = -t - 3*f + 12, 71*f - 68*f = t + 6. Calculate the remainder when 133 is divided by t.
1
Let f be 1 + 2 + 186/(-3). Let p = f + 63. What is the remainder when 9 is divided by p?
1
Let v = 121 + -99. Suppose 194 = 4*b - 146. What is the remainder when b is divided by v?
19
Let a(l) = 20*l**3 - 4*l**2 - 4*l + 16. What is the remainder when a(2) is divided by 26?
22
Suppose 21 = 4*y - 2*a + 3*a, 5*y = -3*a + 28. Suppose 3*u = -5*w + 65, -2*u + y*w + 0 = -10. What is the remainder when 43 is divided by u?
13
Calculate the remainder when (-2397)/(-27) - 58/(-261) is divided by 46.
43
Suppose 0 = -n - 42 + 159. Suppose -5*f + 140 = 5*c, f = 4*c - 73 + 81. Calculate the remainder when n is divided by f.
21
Calculate the remainder when 39 is divided by (-49)/(-5) + (-6)/(-30).
9
Let h(o) = -o**3 + 8*o**2 + 7*o + 12. Let f be h(9). Let q = 14 + f. Calculate the remainder when 31 is divided by q.
7
Suppose 4 = 2*a - 2. What is the remainder when 12/a - (-14 - 7) is divided by 9?
7
Suppose -8*d - 8*d = -256. Suppose -d*i + 960 = -i. What is the remainder when i is divided by 11?
9
Let x be (-2 - (2 - 5)) + 1. Suppose -4 = -2*c + x. Let b = 12 - 7. What is the remainder when b is divided by c?
2
Let s = -32 - -32. Suppose c - 6*c + 20 = 0, s = -4*z + 5*c. What is the remainder when 17 is divided by z?
2
Suppose -4*w - 3*d = 2*d - 86, 0 = -w - 3*d + 25. What is the remainder when 91 is divided by w?
15
What is the remainder when 452 is divided by -73 + 68 - (-1 + -80)?
72
Let q = 69 + -72. Suppose 7 = c - 18. Calculate the remainder when c is divided by -4 - (14/(-1) - q).
4
Let b(s) = s**2 + 31*s + 171. Calculate the remainder when b(-28) is divided by 31.
25
Let i(b) = b**3 - 10*b**2 - 15*b + 1. Let y be i(11). Let j = -12 - y. Let p = 23 + -7. What is the remainder when j is divided by p?
15
Suppose 0 = b + b - 338. Let n be (-10)/(-105)*-12*-28. Suppose n + b = 3*i. What is the remainder when i is divided by 17?
16
Suppose -15 = -0*j - 5*j + 4*k, 2*j = -5*k - 27. Let m(l) = -39*l - 3. Calculate the remainder when m(j) is divided by 8.
4
Suppose 2*m + 2*c + c - 680 = 0, -2*c = -3*m + 1033. Let b(s) = -s**2 - 7*s + 2. Let n be b(-8). Calculate the remainder when n/4 - m/(-14) is divided by 13.
10
Suppose -4*k + 0*z = 3*z - 14, -3*k - 2*z + 10 = 0. Suppose -w - k*w = -69. Let r = -2 + 8. Calculate the remainder when w is divided by r.
5
Suppose -9 + 5 = -s. Suppose -5*f + 9 = t - 67, -f + 20 = 5*t. What is the remainder when f is divided by s?
3
What is the remainder when 394 is divided by 2 - 36/4 - (-1 + -86)?
74
Suppose 3*u - 81 = -3*t - 0, 5*u - 135 = 3*t. Calculate the remainder when 296 is divided by u.
26
Let o = -98 + 101. What is the remainder when (-11)/o - (-4)/6 - -48 is divided by 17?
11
Let o = -39 + 41. Suppose -2*y - 28 = -o*g, 0 = -5*g - y + 90 - 8. Calculate the remainder when 46 is divided by g.
14
Calculate the remainder when 151 is divided by (4 - -48)*2/2.
47
Suppose -2*f + f + 13 = 0. Let y(r) = r**3 + 3*r**2 + 8*r + 3. Let l be y(-3). Calculate the remainder when 0/(-2) - (-44 - l) is divided by f.
10
Let r = -17 - -23. Suppose 0 = 2*a - r*a + 28. What is the remainder when (-4)/(-10) - (-63)/5 is divided by a?
6
Suppose -1162 = 5*r - 2952. What is the remainder when r is divided by 18?
16
Let t(u) = 2*u**3 + 3*u**2 + 2*u + 4. Suppose 2*c - 3*b = 74, 2*c - 78 = 7*b - 3*b. Calculate the remainder when t(3) is divided by c.
29
Suppose -104 = -6*y - 7*y. Calculate the remainder when 42 is divided by y.
2
Let b = -83 - -108. Calculate the remainder when b is divided by 7.
4
Calculate the remainder when (-24)/(-33)*11 + 8 + -2 is divided by 9.
5
Let z = -5 - -9. Suppose 0*p - 84 = -z*p. Suppose 3*t - 67 + 31 = 0. What is the remainder when p is divided by t?
9
Let r = -561 + 682. Calculate the remainder when r is divided by 33.
22
Let o(m) = 8*m**2 + 23*m - 89. What is the remainder when o(3) is divided by 3?
1
Let b = -2 - -58. Suppose 0 = -2*k + b + 82. Calculate the remainder when k - (-1 + 0 - -1) is divided by 18.
15
Suppose 0 = 38*a - 40*a. Suppose -10*y + 7*y + 60 = a. Calculate the remainder when 95 is divided by y.
15
Suppose 4*f - 7 = 1. Calculate the remainder when 4 is divided by f.
0
Let t = -1264 + 1303. What is the remainder when 51 is divided by t?
12
Calculate the remainder when 326 is divided by ((21 - 9) + 6)*(-5)/(-3).
26
Suppose -4*c + 7*c - 931 = -q, 4*c = -q + 1243. Calculate the remainder when c is divided by 68.
40
Suppose 0 = -4*u + 5*w + 499 - 138, -15 = -5*w. Let a(h) = -94*h + 870. Calculate the remainder when u is divided by a(9).
22
What is the remainder when -22*3/9*(-3 - 0) is divided by 4?
2
Let l(s) = s**2 + 7*s + 9. Let u be l(-6). Suppose 5*j + 2*d - 52 = 0, 8*j - u*j - 3*d = 47. What is the remainder when 97 is divided by j?
7
Let j(x) = x**2 + 3*x + 11. Let n be j(9). Let m = n - -14. What is the remainder when m is divided by 17?
14
Let b(a) = a**3 + 2*a**2 - 15*a - 4. What is the remainder when b(8) is divided by 37?
35
Suppose -19*g + 59 = -454. Calculate the remainder when 95 is divided by g.
14
Let n(c) = -c**3 - 7*c**2 + 14. Calculate the remainder when (-84)/(-8)*2 + 3 is divided by n(-7).
10
Let b be ((-20)/5 - -3) + 1. Suppose 2*o - 5*x + 18 = b, -x - 4*x = o - 21. What is the remainder when 2 is divided by o?
0
Let w be 2/4 + (-5451)/46. Let x = -93 - w. Calculate the remainder when 95 is divided by x.
20
Suppose -18*b + 133 = b. Calculate the remainder w